se 0 = 24*a + 622762 - 3268066. Is a a prime number?
True
Let i = -148 + 294. Suppose i*h - 280 = 138*h. Is h prime?
False
Suppose 3*g - 87872127 - 14348950 = -284*g. Is g prime?
True
Suppose 0 = 2415*a - 2411*a + 5*q - 6286731, -2*a + 3*q + 3143393 = 0. Is a prime?
False
Suppose 3*d = -4*l - 65520 + 1316429, -3*d + 1250908 = 5*l. Is d a composite number?
True
Suppose -15 = -9*b + 84. Suppose 2*u - 5*f - 15 - b = 0, -2*u + 3*f = -18. Suppose -2*a = u*i - 61, 3*a - i - 93 = -5*i. Is a composite?
True
Is ((-4369008)/72)/((-4)/(-12)*-2) composite?
True
Let k(x) = -x**2 - 10*x - 22. Let d be k(-4). Suppose -5*a + 2331 = -d*p - 120, 5*a + 6215 = -5*p. Let q = 1897 + p. Is q prime?
True
Is (-10)/((-26)/(-1677)*-3) a composite number?
True
Suppose 0 = -s + 5*q + 104682, -2*q = 1115*s - 1108*s - 733070. Is s a composite number?
True
Let a(w) = 25*w**2 - 70*w - 673. Is a(-34) composite?
True
Is 519174 + (28 - -3 - 18) prime?
False
Let s(t) = t**2 - 17*t + 40. Let q be s(14). Let l(j) = 7 - 2 - 6 + 10 - 655*j. Is l(q) a prime number?
True
Suppose 5*y = 8*y - 5229. Let b be (-198)/(-1089) + (13224/(-11) - 0). Let l = b + y. Is l composite?
False
Suppose 4754604 = -11265*b + 11277*b. Is b a composite number?
False
Suppose 0 = -4*m - 72*m + 5*m + 3203449. Is m a prime number?
True
Let l(u) = u**3 - 3*u**2 + 3*u - 6. Let o be l(3). Suppose 4*h = -5*q + 15677, 5*h - 8532 - 869 = -o*q. Is q a composite number?
False
Let g(w) be the second derivative of 382*w**5/5 - w**4/12 - 7*w. Is g(1) a composite number?
True
Suppose -2*n = 5*m - 13, -4*m + 10 = 2*n - 2*m. Let c be (0 + -2)/((-20)/(-5))*n. Is ((-7)/(-4))/(c/(-296)) - 0 a prime number?
False
Let b be 2/(-20) - (-343)/(-70). Is (2 + (-8 - b))/(8/(-31912)) composite?
False
Let t(i) = 4293*i - 50. Is t(71) a prime number?
False
Let f = -65 - -71. Let i(g) = 369*g - 12. Let w be i(f). Suppose -7*y + 4*y = -w. Is y prime?
False
Let b(p) = 675*p**3 + 21*p**2 - 18*p - 115. Is b(7) prime?
False
Suppose 4*n - 5*v = 23239, 0 = n + v + 4*v - 5791. Suppose -i + 2*m + 2885 = -m, 2*i + 3*m - n = 0. Is i a composite number?
False
Let s(y) = 42 - 32 + 55 + 22*y + 6*y**2 - 134*y**3. Is s(-3) prime?
True
Let x(s) = 5163*s**2 - 369*s + 1109. Is x(3) prime?
False
Suppose 0 = 43*i - 212526 - 36271 + 13544. Is i prime?
True
Suppose 5*i - 143841 - 202419 = -5*y, -6*y = -30. Is i composite?
False
Suppose -7*s - 90897 = -3*k - 3*s, -2*s = -4*k + 121216. Is k a prime number?
True
Let n = 69279 + -40952. Is n prime?
False
Suppose t = 13 - 40. Let i = t - -32. Suppose -49 = i*h - 2114. Is h a composite number?
True
Suppose 49*b = -161*b + 6*b - 18972. Let l(g) = -2295*g**3 - g**2. Let f be l(-1). Let x = f + b. Is x a prime number?
False
Let n = 469 + -1215. Suppose 4*p = -0*p + 4468. Let w = n + p. Is w a prime number?
False
Suppose 256*g - 458*g - 23772476 = -230*g. Is g prime?
False
Is -24 - -1 - (36 + -505032) prime?
False
Suppose -25*c + 168707 = -9202 - 280566. Is c a prime number?
False
Suppose 21 = 5*m - l, -3*l + 1 = 4. Let k(r) = 7*r**3 - r**2 + 5*r - 5. Let u be k(m). Is u/6*(-1 - -3) composite?
False
Let j(p) = 3*p - 25. Let u be j(11). Suppose u*i - 18795 - 46085 = 0. Suppose 15*v - i = 2705. Is v a prime number?
False
Suppose g - w = -774609 + 2362871, 3*w + 6353039 = 4*g. Is g composite?
False
Let d be (4 + (-2 - -4))/(-1). Let q be (-3)/d*(-1 + 1). Suppose q = -3*p - i + 293, 3*i + 1 = 7. Is p a composite number?
False
Suppose -3*t - 3 = 9. Let r be 0/(1*(6 + t)). Suppose y + 3*l + r*l - 1514 = 0, -4*y + 6041 = -3*l. Is y composite?
False
Suppose 11*z - 24 = -2*j + 13*z, -2*j = z - 24. Suppose 25225 = j*w + 6709. Is w a composite number?
False
Let b = 6339 + -3584. Suppose -5*f + b = -5390. Let h = 2920 - f. Is h composite?
False
Let k = 488668 + -343895. Is k prime?
True
Let x(y) = -723*y**3 - 3*y - 4. Let b be x(-2). Suppose -268*r + b = -266*r. Is r a composite number?
True
Let j(h) = h + 14. Suppose -92 = -4*c - 140. Let r be j(c). Is 9878/6 + r + (-2)/(-3) composite?
True
Let a = 71114 - 48907. Is a composite?
True
Suppose 3*i + 253 = 2*t, -i = t + 4*i - 107. Suppose -2*v - 4*c + 1460 = t, -2*v - 3*c = -1343. Is v a prime number?
False
Let v(c) = -787*c**3 + 15*c**2 - 34*c - 65. Is v(-9) a prime number?
False
Let p(w) = 7*w**3 + 4*w**2 + 4*w + 3. Let n be p(-2). Is (-3556)/6*n/30 composite?
True
Suppose -5*y = -4*y - 176. Let x = 372 - 54. Let f = x - y. Is f a prime number?
False
Let i = -5058 + -3475. Let t = i + 23546. Is t prime?
True
Let j(l) = -6453*l - 796. Is j(-5) prime?
True
Let v(c) = -17959*c - 990. Is v(-5) composite?
True
Suppose -i = -w + 6*w - 4, 0 = -5*w. Suppose -6169 + 33125 = i*k. Is k a composite number?
True
Let j = -354 + 1663. Let v = -432 + j. Is v a composite number?
False
Let k(h) = 202*h - 3. Suppose -3*p + 66 = 5*v, -5*v - 4*p = -v - 56. Suppose -7*o = -v - 2. Is k(o) a composite number?
False
Suppose -15 = -o + 2*d, d + 15 = 5*o + 3*d. Suppose -y + 766 = -o*l, -5*y - 3*l - 2*l = -3740. Is y a composite number?
False
Let h(k) = 151*k**2 - 69*k - 26. Let v be h(11). Suppose -v = -33*n + 26*n. Is n composite?
True
Let u(l) be the second derivative of -175*l**3/6 - 44*l**2 + 121*l. Is u(-7) prime?
False
Let f = -6 + 15. Let n(w) = -w**3 + 9*w**2 + 3*w - 22. Let o be n(f). Suppose -o*j = -4197 - 198. Is j a prime number?
False
Suppose -2346569 = -45*o + 16673851 + 1029195. Is o composite?
True
Let u = 671 - -468. Suppose 2*g = -i + 6176, -g = i - u - 1948. Is g prime?
True
Let h be 3/(1/6*2). Let r(t) = -3*t**3 + 15*t**2 - 68*t + 25. Let j(w) = -2*w**3 + 10*w**2 - 45*w + 17. Let m(f) = -8*j(f) + 5*r(f). Is m(h) a composite number?
True
Let c = -248 + 253. Is 1257 + c/((-15)/(-6)) prime?
True
Let k(u) = 331*u**2 + 5*u + 18. Let f be k(6). Suppose -5*g + f = 2984. Suppose -n + 0*n = p - g, -5*p = -3*n - 9020. Is p prime?
True
Suppose -6*g + 4 = -5*g. Let x(r) = g*r + 211*r**3 + 206*r**3 - 5 - 412*r**3. Is x(3) composite?
True
Suppose 0 = -5*n - 10, 5*l + 0*l - 4*n - 38 = 0. Suppose -l*k = -14971 - 35. Is k a prime number?
False
Let k(f) = -f**2 - 5*f + 40. Let l be k(-9). Suppose 3*z + q - 18366 = -2*q, 4*q + 24464 = l*z. Is z a composite number?
True
Suppose 6937*g = 6984*g - 14450291. Is g a prime number?
False
Let p(v) = 4*v**2 + 13*v + 442. Is p(-37) composite?
False
Let n(d) = 1168*d + 73. Let w be n(22). Suppose 5*l + 3*t - w = 0, -4*t + 15307 = 4*l - 5305. Is l a composite number?
True
Is (-1 - -337079) + 351 + -340 prime?
False
Let i = -2362 + 1092. Is ((-1036)/140)/(2/i) prime?
False
Suppose -358888 = -2*k - 5*o + 54480, 5*o = -4*k + 826766. Is k composite?
False
Suppose 12*o - 123019 = 7*o + 9*y, y = 2*o - 49218. Is o a prime number?
True
Let m(v) = 350*v**2 - 147*v - 43. Is m(-8) a prime number?
False
Let z = 81977 - -98054. Is z a prime number?
False
Let z(h) = -426*h - 49. Let v(i) = i**2 + 24*i + 127. Let y be v(-15). Is z(y) prime?
True
Let y be 0/(-17) + -1 + -27. Let a = -25 - y. Suppose -a*p + 1771 = 2*r, -2925 = -5*p - 3*r + 5*r. Is p composite?
False
Suppose 506 = -0*i + 46*i. Suppose -4*o + 132783 = 3*f, -7*f = -i*f + 5*o + 177044. Is f a composite number?
True
Let c = 32890 - 22967. Is c a prime number?
True
Let g(u) = -u**2 - u - 13. Let y be g(-6). Let t = y + 62. Is ((-3)/(6/(-1099)))/(t/38) prime?
False
Let z = 1078485 + -635914. Is z composite?
False
Let g = -165 - -167. Suppose -j + 5141 = -4*o + 6*o, j = g*o - 5151. Is o composite?
True
Let z be 22597*(-30 - 2)/8. Let q = 136947 + z. Is q a composite number?
False
Let j = -1338 + 10729. Is j a prime number?
True
Let g = -80 - -133. Suppose g = 10*w + 3. Suppose -f + c + 1520 = 0, -f - w*c + 1173 + 329 = 0. Is f a composite number?
True
Let a(r) = 163*r**2 + 5*r + 29. Let d(q) = 162*q**2 + 5*q + 30. Let x(b) = 5*a(b) - 4*d(b). Is x(-6) a composite number?
False
Let w = 2968845 - 2041408. Is w a composite number?
True
Let m be (245/(-85) - -3) + (-6)/51. Suppose 0 = -2*k - d + 1953 + 977, m = -2*k - 2*d + 2928. Is k composite?
True
Let s(r) = -2*r**2 + 7*r. Let p be s(5). Let j be (0 - p)*10/25. Suppose 154 = -j*h + 8*h. Is h composite?
True
Suppose -698915 = -28*u + 11819469 - 1768932. Is u composite?
False
Let i = 276521 - -51728. Is i prime?
True
Is 7 - -6*1407590/30 - 7 a prime number?
False
Suppose 0*u - 